9886. Determine c(2).
-28
Let i(d) = 13412*d - 415863. Give i(31).
-91
Let m(t) = t**3 - 2*t**2 - 59*t - 256. Give m(10).
-46
Let c(l) = 1175*l - 4158. Give c(7).
4067
Let i(t) = 2888*t - 7044. Determine i(3).
1620
Let v(b) = -155*b - 56420. Give v(-364).
0
Let b(o) = o**3 + 18*o**2 + 138*o + 3753. Determine b(-20).
193
Let l(s) = -30*s**2 - 275*s + 23. Determine l(-9).
68
Let j(v) = -16*v**2 + 22*v + 355. What is j(8)?
-493
Let v(z) = 4*z**3 - 1506*z**2 - 119887*z + 3110. Give v(444).
2
Let g(h) = 20*h**2 + 11002*h + 21919. Give g(-2).
-5
Let r(s) = 6*s**3 + 2*s**2 + 391*s - 1626. What is r(4)?
354
Let n(m) = 3*m**3 + 973*m**2 + 1276*m - 4951. What is n(-323)?
217
Let z(q) = 842406*q - 5054445. Calculate z(6).
-9
Let b(h) = -h**3 + 69*h**2 + 155*h - 1067. What is b(71)?
-144
Let j(y) = -y**2 + 33*y + 2359. Determine j(-35).
-21
Let b(f) = -f**3 + 71*f**2 - 40*f - 4935. What is b(69)?
1827
Let z(y) = 5*y**2 + 103695*y + 932858. What is z(-9)?
8
Let m(a) = -116*a - 15260. What is m(-131)?
-64
Let z(h) = -131*h**2 - 561*h - 175. Determine z(-4).
-27
Let o(z) = 8*z**2 - 385*z - 4220. Give o(58).
362
Let i(m) = 2*m**2 - 4210*m + 54387. Determine i(13).
-5
Let h(r) = 53*r**2 + 808*r - 1822. Give h(2).
6
Let s(i) = 22*i**3 + 348*i**2 - 132*i - 1083. Determine s(-16).
5
Let y(v) = 18*v**3 + 4*v**2 - 1808*v - 3615. Calculate y(-2).
-127
Let q(u) = u**3 - 355*u**2 - 590*u - 44271. Give q(357).
-3
Let h(s) = -2981*s - 56654. Determine h(-19).
-15
Let v(j) = 261*j**2 + 545*j + 2. Give v(-5).
3802
Let x(j) = j**2 + 1061*j + 18770. What is x(-18)?
-4
Let u(l) = -670675*l + 4024047. Calculate u(6).
-3
Let l(z) = 31644*z + 63295. What is l(-2)?
7
Let w(l) = -1443*l + 34625. What is w(24)?
-7
Let b(v) = 2*v**3 - 433*v**2 + 141*v + 16140. What is b(216)?
-60
Let g(u) = 413*u**2 - 12828*u + 781. Calculate g(31).
6
Let c(n) = n**3 + 93*n**2 - 588*n - 31. Determine c(6).
5
Let v(c) = -17*c**2 + 287*c - 6. Calculate v(-4).
-1426
Let c(q) = -q**3 + 133*q**2 + 5129*q - 682156. Give c(133).
1
Let y(l) = 2*l**3 - 18*l**2 - 73505*l + 734886. What is y(10)?
36
Let c(b) = 46*b - 243. Give c(39).
1551
Let z(n) = -16*n**2 - 19*n + 338. Give z(6).
-352
Let m(r) = -5*r**2 + 4749*r - 32917. What is m(7)?
81
Let a(v) = 9*v**2 + 1699*v - 1396. What is a(-190)?
694
Let p(d) = -872*d - 15044. What is p(-17)?
-220
Let g(l) = -31238*l + 187409. Give g(6).
-19
Let h(u) = 7748*u - 6872471. Give h(887).
5
Let x(u) = 3*u**3 + 1598*u**2 + 1041*u - 12232. What is x(-532)?
4
Let a(u) = -40493*u + 8260601. Give a(204).
29
Let a(d) = -d**3 + 2*d**2 + 397*d - 25. Calculate a(-19).
13
Let z(j) = -86*j**2 - 23048*j + 3. Calculate z(-268).
3
Let p(t) = 246*t**2 + 4421*t - 5. What is p(-18)?
121
Let w(s) = -s**3 + 48*s**2 + 1840*s + 371. Determine w(-25).
-4
Let j(c) = 2*c**2 + 1368*c + 111745. What is j(-95)?
-165
Let s(l) = 55*l + 5130. Calculate s(-88).
290
Let b(q) = -q**2 + 42*q + 65213. Determine b(-235).
118
Let g(k) = -146*k**2 + 61*k - 384. Calculate g(4).
-2476
Let u(q) = -4247*q**2 - 212327*q + 1155. Give u(-50).
5
Let g(o) = -o**2 - 2267*o - 746796. What is g(-400)?
4
Let j(u) = -2*u**2 - 419*u + 10178. Give j(-232).
-262
Let q(r) = r**2 + 176*r - 3882. Give q(20).
38
Let i(r) = 16*r**2 - 6790*r - 164646. Calculate i(-23).
-12
Let n(a) = 41*a**3 - 8530*a**2 + 430*a - 2921. Calculate n(208).
-9
Let f(g) = 47*g**2 - 4835*g - 604. Give f(103).
14
Let z(l) = -108*l + 3098. Calculate z(29).
-34
Let v(q) = 4884*q + 117201. What is v(-24)?
-15
Let d(g) = 50*g**3 - 3*g**2 - 71*g - 132. Calculate d(-2).
-402
Let z(h) = -3*h**3 + 207*h**2 + 767*h - 38839. Give z(70).
151
Let i(q) = 2*q**3 - 84*q**2 - 1174*q - 42. Calculate i(-11).
46
Let v(i) = 2*i**2 - 460*i - 3637. Determine v(238).
171
Let g(r) = -1273*r - 34401. Calculate g(-27).
-30
Let i(r) = 106*r**2 - 629*r - 1859. Determine i(-3).
982
Let x(q) = q**3 + 3*q**2 - 43*q - 333. Determine x(-11).
-828
Let a(o) = -2*o**3 + 34*o**2 + 43*o - 387. Calculate a(17).
344
Let n(a) = a**2 + 161*a + 21. What is n(0)?
21
Let n(l) = -61*l**2 + 6878*l + 408543. What is n(-43)?
0
Let o(l) = 34*l**2 - 2236*l - 12837. Give o(71).
-199
Let s(k) = 88*k**2 - 7179*k + 4185. Determine s(81).
54
Let i(l) = l**3 - 122*l**2 + 215*l + 2316. Determine i(120).
-684
Let n(o) = 3*o**2 + 190*o - 1466. Calculate n(-98).
8726
Let y(q) = -3412*q + 30785. What is y(9)?
77
Let s(n) = 32*n**2 + 5040*n + 35245. What is s(-7)?
1533
Let o(d) = -29*d**2 + 1701*d - 22454. Give o(20).
-34
Let g(m) = -2169754*m + 6509256. Give g(3).
-6
Let v(r) = -r**3 + 73*r**2 + 161*r - 68. Give v(75).
757
Let x(s) = 6543*s + 104240. Determine x(-16).
-448
Let j(i) = -i**3 - 2*i**2 + 1382*i + 2773. Determine j(-2).
9
Let g(j) = j**3 + 11*j**2 - 305*j - 37. What is g(13)?
54
Let v(u) = -2*u**3 - 30*u**2 - 86*u + 36. What is v(-10)?
-104
Let g(v) = -3*v**2 + 88*v - 499. What is g(9)?
50
Let c(t) = -30*t**3 + 4138*t**2 + 282*t - 813. Calculate c(138).
15
Let x(a) = -43*a**3 - 50923*a**2 - 13019*a + 5926. Determine x(-1184).
6
Let k(t) = -925*t - 9268. Determine k(-10).
-18
Let d(s) = 2*s**2 - 169*s + 6154. What is d(50)?
2704
Let v(w) = -18582*w - 18698. Calculate v(-1).
-116
Let p(y) = -140*y**3 - 14416*y**2 + 414*y + 196. Give p(-103).
-10
Let i(h) = 58*h**2 - 8463*h - 108. Determine i(146).
622
Let d(r) = 3071*r**2 - 49133*r - 37. Calculate d(16).
11
Let i(z) = -6114*z + 35615. Give i(6).
-1069
Let g(y) = -15973*y - 622982. Give g(-39).
-35
Let z(v) = v**3 + 139*v**2 + 4*v + 192. Give z(-139).
-364
Let z(s) = -s**3 + 88*s**2 - 1717*s - 82. Determine z(57).
2768
Let s(x) = -2*x**2 - 220*x + 1810. Calculate s(8).
-78
Let o(t) = 6*t**2 - 77*t + 14. Calculate o(6).
-232
Let f(b) = -b**3 + 18*b**2 - 709*b + 9960. Calculate f(15).
0
Let d(g) = -34*g**2 - 950*g - 1619. Give d(-26).
97
Let r(h) = -h**3 - 13*h**2 + 852*h + 10425. Calculate r(-12).
57
Let h(c) = -c**3 - 68*c**2 - 464*c + 66. Determine h(-8).
-62
Let t(d) = -393*d - 5955. Determine t(-14).
-453
Let g(b) = b**2 + 92896*b - 2323025. Determine g(25).
0
Let z(k) = 2*k**2 - 115*k - 3270. Determine z(-28).
1518
Let p(r) = 2819*r**2 + 225533*r + 1027. Calculate p(-80).
-13
Let l(b) = -15*b**2 - 124*b - 1067. Calculate l(-9).
-1166
Let j(s) = -1833*s - 637873. Determine j(-348).
11
Let r(b) = -b**3 - 6*b**2 - 2662*b - 7963. What is r(-3)?
-4
Let p(d) = -5*d**3 - 554*d**2 + 114*d - 159. Give p(-111).
-492
Let f(g) = -g**2 - 558*g - 4954. Determine f(-9).
-13
Let j(u) = -419692*u - 10072695. Determine j(-24).
-87
Let d(v) = 5*v**2 + 331905*v - 1659494. Give d(5).
156
Let r(x) = -x**3 + 2*x**2 - 339*x + 2577. Calculate r(7).
-41
Let m(t) = -t**2 + 6259*t + 194978. Determine m(-31).
-12
Let c(i) = 3828*i - 1925499. Determine c(503).
-15
Let x(h) = h**3 + 151*h**2 + 1455*h + 6339. What is x(-141)?
-6
Let g(r) = -86*r + 675. Calculate g(81).
-6291
Let r(c) = 2*c**3 - 105*c**2 + 826*c - 262. Determine r(43).
125
Let a(g) = g**3 - 1515*g**2 - 18187*g + 1635. Give a(-12).
-9
Let t(f) = 4*f**3 + 36*f**2 - 304*f - 60. Give t(-14).
276
Let d(g) = -9510*g - 95108. Give d(-10).
-8
Let t(g) = g**3 + 128*g**2 + 1003*g + 348. What is t(-8)?
4
Let m(b) = 12*b**2 + 177*b - 1695. What is m(11)?
1704
Let s(a) = -4*a**2 - 81*a + 62. Calculate s(-25).
-413
Let a(n) = -52605*n - 1051990. Give a(-20).
110
Let x(g) = 9*g**2 + 252*g - 1080. Give x(4).
72
Let r(q) = -5*q**3 + 46*q**2 - 371*q + 8019. Determine r(13).
-15
Let u(h) = -5233*h**2 - 172690*h + 60. Calculate u(-33).
93
Let j(o) = 2005*o + 457286. What is j(-228)?
146
Let a(u) = -1796*u - 2559. Determine a(-2).
1033
Let v(b) = -2*b**2 - 226*b + 61688. What is v(128)?
-8
Let b(x) = x**3 - 10622*x**2 - 4. Determine b(0).
-4
Let s(d) = -d**2 - 769450*d + 4616747. Determine s(6).
11
Let c(y) = -199059*y + 2587750. Give c(13).
-17
Let b(a) = 4*a**2 + 42*a - 1085. Determine b(25).
2465
Let y(w) = 34*w**2 - 227*w - 686. What is y(-3)?
301
Let i(a) = -9312*a + 85. Give i(0).
85
Let x(r) = -68231*r - 1091690. Give x(-16).
6
Let p(n) = 2*n**3 - 55*n**2 - 6255*n + 164541. What is p(26)?
-117
Let g(p) = 363003*p + 5445101. What is g(-15)?
56
Let r(s) = 10*s**2 - 1451*s + 13090. What is r(9)?
841
Let n(y) = 8*y**3 - 504*y**2 - 500*y + 31548. Determine n(63).
48
Let b(o) = 4*o**3 - 47*o**2 + 177*o - 344. Determine b(7).
-36
Le